 22*v + 3872. Suppose -141 = -2*a - a. What is the remainder when v is divided by a?
45
Let z = 19 - 15. Suppose -5*q + z*d + 73 = 0, 4*q - d - 62 = d. Suppose -109 = -4*i - q. Calculate the remainder when 90 is divided by i.
21
Let c be (-430)/(-6) + 2/(-3). Suppose 2*a - 202 = 4*u, 0*a = -3*a - 3*u + 330. Let b = a - c. What is the remainder when b is divided by 13?
10
Let i = -273 + 342. Calculate the remainder when i is divided by 8.
5
Suppose 0 = -16*x + 5*x + 187. What is the remainder when x is divided by 5?
2
Let d = 4 - -26. What is the remainder when (((-6942)/18)/13)/((-4)/12) is divided by d?
29
Suppose 0 = -5*x - 5*v + 155, x + 5*v - 71 = -x. Suppose 0 = -4*z - 1422 + 1446. Calculate the remainder when x is divided by z.
4
Let c = 131 - 96. What is the remainder when 139 is divided by c?
34
Calculate the remainder when ((-199)/3)/((0 - -1)/(-3)) is divided by 41.
35
Let o be 56/14 - (1 - 1). Calculate the remainder when (-306)/(-17)*-1*(-26)/o is divided by 12.
9
Suppose 3*x + 222 - 20 = 4*r, 2*r - 132 = 2*x. Let f = 118 + x. Let n(w) = w**3 - 24*w**2 + 147*w - 16. Calculate the remainder when f is divided by n(12).
16
Let v(j) = -j + 1 - 2*j**2 + 6 - 3*j**3 - 19. Calculate the remainder when v(-3) is divided by 29.
25
Suppose n = 3*p - 58, -5*n = 2*p - 4*p + 56. What is the remainder when 116 is divided by (p/(-3))/(2/(-10))?
26
Suppose 3*v + 10 = k, -4*v - 5*k = -3*k. Let z = 7 + v. Let m = -246 + 253. What is the remainder when m is divided by z?
2
Suppose -c + 2*l + 3 = 0, 58*c = 62*c + 2*l - 62. Let f be (-8)/6 + 1/3. Calculate the remainder when f + (38 + -1)*1 is divided by c.
10
Suppose c - 31 + 29 = 0. What is the remainder when 68 is divided by (-4)/((c + -3)*(-4)/(-14))?
12
Let m = -258 - -333. Calculate the remainder when m is divided by 11.
9
Let j(v) = -v**3 + 5*v**2 - 2*v - 7. Let r be j(3). Suppose 522 = x + r*x. What is the remainder when x is divided by 22?
21
Let s = 77 - 59. Calculate the remainder when 101 is divided by s.
11
Let w = 2811 + -2654. What is the remainder when w is divided by 85?
72
Suppose -18 = -b + 1. Let y(w) = w**2 - 12*w - 46. Let m be y(16). Let z = b - m. Calculate the remainder when 3 is divided by z.
0
Let i be ((-6)/4)/(-2 - (-78)/48). Suppose 0*g + i*g = 184. Calculate the remainder when g is divided by 10.
6
Let w = 122 + 7. Calculate the remainder when w is divided by 45.
39
Suppose -772 = -4*h - 412. Calculate the remainder when h is divided by 77/5 - (-21)/35.
10
Suppose 5*n - 1146 = 4*u, -4*n + 2*u + 1129 = 211. Let b = 237 - n. Suppose 24 = 2*w + 4*f, 2*f + 26 + 52 = 4*w. Calculate the remainder when w is divided by b.
4
Suppose 2*d - 2*y - 36 = 0, 3*d + 13*y - 50 = 14*y. What is the remainder when 141 is divided by d?
13
Let f(k) = k + 15. Let q be f(-13). Suppose -5*c + 2*c = q*r - 175, 4*c = -5*r + 238. Calculate the remainder when c is divided by -15*(12/(-9))/1.
17
Suppose -3 = 4*t + 9, -378 = -4*v - 2*t. Calculate the remainder when 283 is divided by v.
91
Let w(d) = d**2 + 5*d + 5. Let v be w(-4). Let m be v/4*(0 - -20). Suppose 0 = m*b - 75 - 115. Calculate the remainder when b is divided by 14.
10
What is the remainder when 338 is divided by 3047/(-297)*-3 - (-4)/18?
28
Suppose 2*t - p - 54 + 12 = 0, t - 4*p = 28. Calculate the remainder when 176 is divided by t.
16
Suppose 3*t = 6*t + 2*s - 1091, 0 = -5*s + 20. What is the remainder when t is divided by 23?
16
Let t(m) = m**3 - 4*m**2 + 8. Suppose 72 + 40 = 5*n - 2*v, 2*v = n - 24. Suppose -n*f = -25*f + 69. Calculate the remainder when f is divided by t(4).
7
Suppose 3*r = -2*n + 68, 11*r - 10*r = -5*n + 144. Calculate the remainder when 233 is divided by n.
9
Let i = 66 + -61. Calculate the remainder when 9 is divided by i.
4
Let w = 2178 + -2034. Calculate the remainder when w is divided by 69.
6
Let m(u) = u**2 + u - 4. Let h(r) = r**3 - 7*r**2 - 5*r - 9. Let j be h(8). Suppose -4*n = -7*n + j. Calculate the remainder when m(3) is divided by n.
3
Suppose -4*g = -5*z - 0*g + 14, -z = -5*g - 7. Suppose z*a - 60 = -2*j, -j - 102 = -3*a - 24. Calculate the remainder when 53 is divided by a.
26
Let d = 23 + 7. Let r(o) = 8*o**3 + 2*o**2 - 1. Let z be r(1). Suppose z*c - d = 4*c. What is the remainder when 15 is divided by c?
3
Calculate the remainder when 117 is divided by (-9)/36 - (-483)/12.
37
Let g = 450 + -403. What is the remainder when g is divided by 30?
17
Let m(c) = c**3 + 35*c**2 - 36*c + 6. What is the remainder when 140 is divided by m(-36)?
2
Let p = 947 - 919. Let q = -3 + 2. What is the remainder when p is divided by (q + 1 - 0) + 15?
13
Let n = -876 - -1079. Calculate the remainder when n is divided by 41.
39
Let n(j) be the first derivative of -2*j**2 - 8*j - 46. Calculate the remainder when n(-16) is divided by 12.
8
Suppose 5*v - 4 - 161 = 0. What is the remainder when v is divided by 13?
7
What is the remainder when 97 is divided by 1*(6 - 2) - -47?
46
Suppose -13*o - 20*o = -1980. What is the remainder when o is divided by 29?
2
Let w(r) = -11*r - 26. Let f(m) = -8*m + 4. Let s be f(1). What is the remainder when 28 is divided by w(s)?
10
Suppose f - 5*u - 34 = 0, f - 16 = -f - 3*u. What is the remainder when 320 is divided by f?
12
Let y = 17 + -6. Let u = y - 11. Suppose u*n - 26 = -2*n. Calculate the remainder when n is divided by 4.
1
Suppose -14 = 4*s + 3*j, 4*s - 5*j - 4 = s. Suppose -4*z = l - 37, l - 5*z - 58 = -2*z. Calculate the remainder when l is divided by (28 - 2)*(-1)/s.
10
Suppose 497*i - 471*i - 624 = 0. Calculate the remainder when 281 is divided by i.
17
Suppose 0 = -r - 10 - 5. Let i = r + 33. What is the remainder when i is divided by 3 - (3 - 6 - 1)?
4
Let v(s) = -s**3 - 2*s**2 + 10*s + 25. Calculate the remainder when 25 is divided by v(-3).
1
Let t(a) = 4*a - 34. What is the remainder when (4 + (-267)/(-6))*2 is divided by t(17)?
29
Let x = -157 - -159. Calculate the remainder when 6 is divided by x.
0
Let c(k) = -k**3 - 12*k**2 + 3*k + 29. Let s be c(-12). Let a(z) = -z**3 - 3*z**2 + 19*z + 11. What is the remainder when a(s) is divided by 25?
24
Let v be (-2 - 14/(-4))/((-2)/24). What is the remainder when 8/36 + (-842)/v is divided by 25?
22
Suppose -5*j - 30 = -3*l + 2*l, 4*l - 56 = 4*j. Let m = l - 4. Let p = m + 1. What is the remainder when p is divided by 5?
2
Suppose 12*s = 7*s + 15. Calculate the remainder when 89 is divided by 12/8*4/s + 43.
44
Let t(c) = c**2 + 4*c + 12. Let a = 82 + -87. Calculate the remainder when 152 is divided by t(a).
16
Suppose -6*h + 2*h + 216 = 0. Suppose -h = 3*a - 5*a. Let d(n) = 5*n**2 + 11*n - 44. What is the remainder when d(4) is divided by a?
26
Suppose 263*b = 248*b + 2475. What is the remainder when b is divided by 10?
5
Let a(z) = -3*z**3 - 3*z**2 - z + 2. What is the remainder when a(-2) is divided by (-30)/(-4) - 42/(-28)?
7
Let c(l) = 3*l**2 - 75*l + 8. Calculate the remainder when c(30) is divided by 10.
8
Suppose 2*g = -7 + 13. Suppose -1 = l - g. Suppose 0 = -l*h + 43 + 17. What is the remainder when 58 is divided by h?
28
Let s(q) = 8 + 0*q**2 + 0*q + q**3 - q**2 - 3*q**2 + 3*q. Let a be 3 + (9/3 - 2). What is the remainder when 97 is divided by s(a)?
17
Let i(r) = 5*r + 1. Calculate the remainder when 10 is divided by i(0).
0
Suppose -3*r - r + 8 = 0. Suppose -32 = -35*f + 3. What is the remainder when r is divided by f?
0
Suppose 0 = -2*c - q + 13, -4*c + 2*q = -39 + 9. Calculate the remainder when 205 is divided by c.
2
Let g = 1513 + -1416. What is the remainder when 1064 is divided by g?
94
Suppose -437 = -65*h + 1383. What is the remainder when 48 is divided by h?
20
Let r be ((-6)/4)/((-3)/26). Suppose r = 5*a - 2. Suppose -i = a*i - 260. Calculate the remainder when i is divided by 17.
14
Suppose 0 = 3*j + 3*w - 744, -4*j - w + 332 = -657. Calculate the remainder when j is divided by 69.
40
Let n(f) = -3*f**3 - 2*f**2 - f - 3. Let p be n(-2). Let b = -36 - -71. Calculate the remainder when b is divided by (p/(-25))/(2/(-30)).
8
Let t(i) be the second derivative of 0 + 1/6*i**3 - 9/2*i**2 - 4*i. What is the remainder when 23 is divided by t(14)?
3
Suppose -2*m - 20 = -3*m. Let z = m + -15. Suppose z*j - 28 = 42. Calculate the remainder when 82 is divided by j.
12
Suppose 5*f - 15 = -2*i, -2*i + 5*f + 10 = i. 